hat is b(14)?
5
Let g(w) = 11*w**2 - 144*w - 86. Determine g(7).
-555
Let p(c) = c**3 + 11*c**2 + 108*c + 670. Determine p(-8).
-2
Let o(f) = -124*f + 579. Give o(5).
-41
Let t(v) = -v**2 + 152*v - 2287. Determine t(17).
8
Let y(v) = -245*v + 3203. Calculate y(17).
-962
Let z(n) = -1855*n + 16693. Give z(9).
-2
Let p(v) = -29*v + 301. What is p(11)?
-18
Let d(r) = -157*r + 8757. What is d(56)?
-35
Let u(h) = -8*h**2 - 46*h + 2. Give u(-8).
-142
Let d(l) = -18*l**3 - 10*l**2 + 30*l - 19. Calculate d(2).
-143
Let n(d) = -5*d**2 - 8*d + 10. Give n(-3).
-11
Let f(p) = 2*p**2 + 41*p - 295. Calculate f(-26).
-9
Let x(o) = -o**3 + 41*o**2 - 76*o + 1. Determine x(2).
5
Let y(x) = x**3 - 39*x**2 + 30*x + 304. Determine y(38).
0
Let o(i) = i**3 + 6*i**2 + 10*i - 15. Give o(-7).
-134
Let m(z) = 127*z**2 + 633*z - 14. Give m(-5).
-4
Let i(q) = 21*q + 151. Determine i(-6).
25
Let i(s) = -s**3 + 10*s**2 + 545*s + 181. What is i(29)?
7
Let o(p) = -145*p - 111. Give o(-3).
324
Let u(v) = 291*v**3 - v**2 - 7*v - 7. Calculate u(-1).
-292
Let s(v) = 7*v**3 - 83*v**2 - 15*v + 24. Determine s(12).
-12
Let k(n) = -2*n**3 + 38*n**2 - 38*n - 30. What is k(18)?
-66
Let h(t) = -97*t + 50. Give h(-3).
341
Let l(r) = 11*r - 23. What is l(5)?
32
Let b(r) = -28*r**2 + 534*r - 36. Determine b(19).
2
Let j(k) = 6*k**2 + 356*k + 1453. Calculate j(-4).
125
Let z(d) = -4*d**2 + 261*d + 181. Determine z(66).
-17
Let t(o) = o**2 + 26*o + 159. Calculate t(-22).
71
Let k(i) = 10*i**2 + 51*i - 26. Determine k(-9).
325
Let n(z) = 116*z - 354. Calculate n(3).
-6
Let b(m) = -m**3 - 6*m**2 + 74*m + 58. Determine b(-12).
34
Let s(j) = -j**3 + 36*j**2 - 214*j + 100. What is s(29)?
-219
Let q(v) = -246*v - 1482. Calculate q(-6).
-6
Let b(z) = z**3 + 20*z**2 + 35*z - 22. Determine b(-18).
-4
Let s(p) = -p**3 + 17*p**2 - 24*p + 410. Give s(17).
2
Let y(g) = -1079*g + 10795. Give y(10).
5
Let j(f) = f**3 - 9*f**2 - 19*f - 58. Calculate j(12).
146
Let v(k) = 298*k + 1620. Calculate v(-6).
-168
Let t(h) = 14*h**2 - 228*h - 170. Determine t(17).
0
Let i(q) = -q**2 + 1873*q. Calculate i(0).
0
Let i(m) = -m**3 - 11*m**2 + 30*m + 3. Calculate i(-14).
171
Let l(y) = -25*y - 1009. Determine l(-39).
-34
Let h(j) = 52*j - 828. What is h(16)?
4
Let t(f) = 23*f + 629. Calculate t(-28).
-15
Let v(r) = r**2 + 16*r + 17. Give v(-15).
2
Let d(c) = 9*c**2 + 70*c + 69. What is d(-1)?
8
Let r(x) = -5*x**2 - 1677*x + 5079. What is r(3)?
3
Let o(r) = -70*r**2 + 525*r + 945. Determine o(9).
0
Let g(y) = 1055*y - 6392. Give g(6).
-62
Let k(q) = -24*q - 1176. Give k(-47).
-48
Let d(f) = -92*f**2 + 2372*f + 515. Give d(26).
-5
Let p(o) = -o**2 - 97*o + 6948. Give p(48).
-12
Let d(j) = 3*j**3 + 127*j**2 + 33*j - 329. Determine d(-42).
49
Let z(n) = -98*n**3 + 2*n**2 - 5*n - 7. Give z(-1).
98
Let o(w) = -79*w + 3946. What is o(50)?
-4
Let q(s) = 13*s**3 - 4*s**2 - 7*s - 4. What is q(-1)?
-14
Let y(s) = 34*s + 824. Give y(-24).
8
Let h(o) = 2*o**2 + 29*o + 103. Give h(-19).
274
Let g(p) = p**3 + 16*p**2 - 96*p + 194. What is g(-21)?
5
Let i(l) = -21*l + 134. Give i(4).
50
Let v(w) = -6*w**2 - 437*w + 77. What is v(-73)?
4
Let g(v) = -4*v**2 + 99*v - 215. Give g(22).
27
Let z(i) = -i**2 + 440*i + 7285. Determine z(-16).
-11
Let h(w) = -163*w - 12557. Determine h(-77).
-6
Let y(d) = 3*d**3 - 59*d**2 + 132*d - 1. Determine y(17).
-69
Let m(c) = -6*c + 172. Calculate m(30).
-8
Let k(z) = 9*z**3 + 2068*z**2 - 462*z - 458. Calculate k(-230).
2
Let v(c) = 481*c**2 - 42*c + 41. Give v(1).
480
Let z(b) = -3*b**3 - 88*b**2 - 29*b - 7. Calculate z(-29).
-7
Let n(f) = -f**3 + 13*f**2 - 38*f + 133. Determine n(11).
-43
Let i(m) = -38*m + 124. Give i(3).
10
Let x(y) = -7*y**3 + y**2 - 23*y + 46. Give x(2).
-52
Let t(g) = g**3 + 15*g**2 + 39*g - 10. Calculate t(-4).
10
Let c(u) = -15*u**2 + 918*u - 202. Give c(61).
-19
Let t(f) = 4*f - 14. What is t(35)?
126
Let m(x) = 147*x + 13. Calculate m(-1).
-134
Let l(u) = -u**2 - 37*u - 260. Calculate l(-14).
62
Let y(o) = 10*o - 156. Determine y(5).
-106
Let w(k) = 243*k**2 + 90*k + 187. Give w(-2).
979
Let u(n) = 33*n - 151. What is u(3)?
-52
Let s(k) = -343*k + 2330. Calculate s(6).
272
Let f(w) = -11655*w - 11648. Determine f(-1).
7
Let v(h) = -1009*h + 20174. Calculate v(20).
-6
Let r(c) = -12*c**2 + 720*c - 8. What is r(60)?
-8
Let y(p) = 57*p + 2196. Determine y(-37).
87
Let o(d) = -36*d - 2666. What is o(-74)?
-2
Let p(s) = -s**3 + s**2 + 141*s - 110. Give p(12).
-2
Let f(m) = -m**2 - 127*m - 1545. Determine f(-116).
-269
Let y(a) = a**3 + 6*a**2 - 3*a - 4. Calculate y(1).
0
Let b(c) = c**2 + c - 5. Give b(-4).
7
Let m(g) = -118*g + 119. Determine m(3).
-235
Let r(a) = -10*a - 150. Calculate r(-20).
50
Let a(v) = -148*v - 11835. What is a(-80)?
5
Let o(t) = t**3 + 5*t**2 + 72*t + 324. Determine o(-5).
-36
Let a(x) = x**3 + 9*x**2 - 57*x + 203. Calculate a(-14).
21
Let y(r) = -r**3 + 134*r**2 + 1594*r - 2. Determine y(-11).
9
Let o(v) = 2*v**2 + 59*v + 41. Determine o(-28).
-43
Let d(n) = -72*n + 30. Calculate d(4).
-258
Let n(b) = 3*b**2 - 67*b - 119. Give n(24).
1
Let h(v) = -4*v**2 - 45*v + 9. Determine h(-11).
20
Let s(h) = -6*h**3 + 3*h**2 + 4*h + 11. Give s(-4).
427
Let s(u) = 10*u**2 + 34*u - 2. Give s(-4).
22
Let n(s) = -6*s**2 - 29*s + 52. Determine n(-6).
10
Let w(l) = 104*l**2 + 511*l - 17. Give w(-5).
28
Let d(p) = 137*p + 7951. Give d(-58).
5
Let y(n) = -n**2 - 614*n - 4269. Calculate y(-7).
-20
Let t(k) = 3*k + 189. Determine t(-8).
165
Let n(q) = 8*q**2 + 616*q + 2872. Calculate n(-5).
-8
Let x(k) = 1857*k - 27852. What is x(15)?
3
Let f(p) = 19*p + 53. Calculate f(-3).
-4
Let i(a) = -9*a - 306. Give i(17).
-459
Let f(p) = -27*p - 740. What is f(-28)?
16
Let z(b) = -b - 40. Calculate z(-6).
-34
Let z(q) = -q**3 + 12*q**2 - 17*q - 14. Calculate z(9).
76
Let f(m) = 103*m - 1466. Calculate f(18).
388
Let u(m) = -m**2 - 4647*m - 23205. Calculate u(-5).
5
Let c(i) = -536*i - 3754. Give c(-7).
-2
Let m(y) = 31*y + 183. Determine m(-6).
-3
Let s(v) = 2*v**2 - 22*v - 3. Calculate s(11).
-3
Let s(t) = -6*t**3 - 7*t**2 - 7*t + 18. Calculate s(-3).
138
Let n(d) = -164*d - 81. Calculate n(3).
-573
Let q(l) = 20831*l - 104150. Determine q(5).
5
Let d(t) = 115*t + 132. What is d(-2)?
-98
Let x(t) = 2*t**2 - 60*t + 435. What is x(18)?
3
Let t(q) = q**2 - 343*q + 2662. What is t(8)?
-18
Let p(z) = -430*z - 436. Give p(-1).
-6
Let g(w) = -w**3 + 6*w**2 - 34*w + 149. Determine g(5).
4
Let s(g) = -9*g**3 - 33*g**2 + 4*g + 6. Give s(-4).
38
Let s(r) = -66*r**3 - r**2 - 54*r - 107. Give s(-2).
525
Let h(y) = -2*y**3 + 87*y**2 + 147*y - 554. What is h(45)?
-14
Let u(i) = -2*i**3 + 17*i**2 + 95*i - 810. What is u(7)?
2
Let g(n) = -n**2 + 495*n - 11311. Give g(24).
-7
Let b(g) = -g**3 - 14*g**2 - 116*g - 930. Calculate b(-11).
-17
Let b(m) = 44*m + 153. What is b(-3)?
21
Let f(u) = 17*u**3 + 891*u**2 - 533*u - 155. Calculate f(-53).
4
Let l(n) = -n**2 - 105*n + 1791. What is l(15)?
-9
Let q(k) = -k**3 + 18*k**2 + 1215*k - 25. Give q(-27).
-25
Let n(l) = -l**3 - 9*l + 27. Determine n(3).
-27
Let u(w) = -4049*w + 133619. What is u(33)?
2
Let i(r) = -7*r**2 + 79*r - 167. What is i(3)?
7
Let b(x) = 162*x - 790. What is b(5)?
20
Let q(y) = -y**2 - 127*y - 3161. What is q(-34)?
1
Let l(s) = s**3 + 4*s**2 + 18*s + 67. Give l(-4).
-5
Let x(u) = -u**3 + 22*u**2 - 26*u - 213. Calculate x(20).
67
Let u(x) = 2*x**3 - 33*x**2 + 27*x + 139. Give u(15).
-131
Let o(l) = -l + 8. Calculate o(-5).
13
Let x(t) = -t**3 + 14*t**2 - 9*t + 5. Give x(13).
57
Let n(j) = 843*j - 17701. Calculate n(21).
2
Let y(p) = p**2 - 19*p - 11903. Calculate y(119).
-3
Let n(c) = -6*c**2 + 969*c - 1331. Calculate n(160).
109
Let s(u) = 3156*u + 9478. Give s(-3).
10
Let p(l) = 15*l**2 - 115*l - 229. Give p(-2).
61
Let l(z) = -2*z**3 + 14*z**2 - z - 10. What is l(7)?
-17
Let q(v) = -v**2 + 360*v - 29566. What is q(127)?
25
Let m(z) = 161*z**2 + 164*z + 3. Give m(-1).
0
Let k(b) = 5*b - 100. Determine k(5).
-75
Let v(u) = 192*u + 350. What is v(-2)?
-34
Let g(d) = 22*d - 10. What is g(1)?
12
Let g(q) = q**2 - 54*q + 18. What is g(54)?
18
Let f(b) = 135*b**2 - 545*b - 8. What is f(4)?
-28
Let m(x) = -x**3 + 10*x**2 - 25. Calculate m(10).
-25
Let s(n) = 109*n - 107. Determine s(1).
2
Let b(u) = -3*u**2 + 15*u + 14. Give b(-4).
-94
Let